{"id":1495,"date":"2024-03-10T08:56:06","date_gmt":"2024-03-10T11:56:06","guid":{"rendered":"https:\/\/indimatec.com.br\/esp\/?post_type=product&#038;p=1495"},"modified":"2024-04-04T22:57:32","modified_gmt":"2024-04-05T01:57:32","slug":"cortadora-orbital-de-tubos-s10-pro-ecoseries-dupla","status":"publish","type":"product","link":"https:\/\/indimatec.com.br\/esp\/index.php\/produto\/cortadora-orbital-de-tubos-s10-pro-ecoseries-dupla\/","title":{"rendered":"Cortatubos Orbital S10 PRO ECOSERIES DOBLE"},"content":{"rendered":"<p>El Cortatubos Orbital S10 PRO ECOSERIES DUPLA re\u00fane todas las caracter\u00edsticas innovadoras de los modelos anteriores, pero con dos ventajas destacables:<\/p>\n<p><strong>Duplicar la Producci\u00f3n en una Sola Estructura:<\/strong><\/p>\n<ul>\n<li>M\u00e1xima eficiencia con el doble de capacidad de producci\u00f3n.<\/li>\n<li>Rendimiento superior sin necesidad de dos m\u00e1quinas separadas.<\/li>\n<\/ul>\n<p><strong>70% del Costo de Dos M\u00e1quinas:<\/strong><\/p>\n<ul>\n<li>Excelente relaci\u00f3n calidad-precio para quienes buscan la m\u00e1xima calidad con ahorro.<\/li>\n<\/ul>\n<p><strong>Caracter\u00edsticas principales:<\/strong><\/p>\n<p><strong>Construcci\u00f3n robusta:<\/strong><\/p>\n<ul>\n<li>Totalmente fabricado en acero, con base principal rectificada para asegurar una perfecta alineaci\u00f3n.<\/li>\n<li>Estructura s\u00f3lida y duradera.<\/li>\n<\/ul>\n<p><strong>Sistema de tracci\u00f3n innovador:<\/strong><\/p>\n<ul>\n<li>Cuatro juegos de carros enderezadores en la entrada de la m\u00e1quina (dos horizontales y dos verticales).<\/li>\n<li>Tracci\u00f3n eficiente del tubo con motorreductores independientes para cada lado, cada uno con un juego de tracci\u00f3n de 6 poleas de PU-NEOPRENO, controladas por un codificador de 2500 PPR.<\/li>\n<\/ul>\n<p><strong>Automatizaci\u00f3n avanzada:<\/strong><\/p>\n<ul>\n<li>La programaci\u00f3n de longitud se realiza directamente en el HMI, permitiendo configurar la longitud deseada y la cantidad de piezas a producir en cada lado.<\/li>\n<li>Funcionamiento totalmente autom\u00e1tico, deteni\u00e9ndose cuando se completa el lote de piezas programado.<\/li>\n<\/ul>\n<p><strong>Corte orbital de alto rendimiento:<\/strong><\/p>\n<ul>\n<li>El sistema de corte orbital ofrece una calidad superior y una durabilidad avanzada.<\/li>\n<li>M\u00e1quina totalmente carenada para mayor seguridad y eficiencia.<\/li>\n<\/ul>\n<p><strong>Configuraciones y opciones:<\/strong><\/p>\n<ul>\n<li>Separador de corte para minimizar las rebabas en cada lado (enlace incluido).<\/li>\n<li>Cabezal expansor multifunci\u00f3n para cada lado (enlace incluido).<\/li>\n<li>Juego adicional de poleas.<\/li>\n<li>Canaleta de colecci\u00f3n (enlace incluido).<\/li>\n<li>Cumplimiento de la NR10\/12 Categor\u00eda 4.<\/li>\n<li>Certificaci\u00f3n CREA en ingenier\u00eda de seguridad.<\/li>\n<\/ul>\n<p><strong>Especificaciones tecnicas:<\/strong><\/p>\n<ul>\n<li>Di\u00e1metros servidos: 4 mm a 19,05 mm.<\/li>\n<li>Producci\u00f3n media de 1200 piezas por hora en pieza de 1000 mm**.<\/li>\n<\/ul>\n<p><strong>Notas importantes:<\/strong><\/p>\n<ul>\n<li>Los valores especificados pueden variar m\u00e1s o menos, medidos en pieza de 250 mm**.<\/li>\n<li>Referencias de valores basadas en promedios de pruebas internas, sujetas a cambios dependiendo de las caracter\u00edsticas del material utilizado.<\/li>\n<\/ul>\n<p><strong>Proyectos Especiales:<\/strong> Cons\u00faltenos para proyectos personalizados que satisfagan sus necesidades espec\u00edficas. El cortatubos orbital S10 PRO ECOSERIES DUPLA es la opci\u00f3n ideal para quienes buscan la m\u00e1xima eficiencia con una inversi\u00f3n optimizada.<\/p>\n","protected":false},"excerpt":{"rendered":"[video width=\"640\" height=\"352\" mp4=\"https:\/\/indimatec.com.br\/esp\/wp-content\/uploads\/2024\/03\/Video-do-WhatsApp-de-2024-02-15-as-18.14.24_fc57e0d2.mp4\"][\/video]\n","protected":false},"featured_media":1496,"comment_status":"open","ping_status":"closed","template":"","meta":[],"product_brand":[],"product_cat":[24],"product_tag":[],"class_list":{"0":"post-1495","1":"product","2":"type-product","3":"status-publish","4":"has-post-thumbnail","6":"product_cat-cortatubos-orbitales","8":"first","9":"instock","10":"shipping-taxable","11":"product-type-simple"},"_links":{"self":[{"href":"https:\/\/indimatec.com.br\/esp\/index.php\/wp-json\/wp\/v2\/product\/1495","targetHints":{"allow":["GET"]}}],"collection":[{"href":"https:\/\/indimatec.com.br\/esp\/index.php\/wp-json\/wp\/v2\/product"}],"about":[{"href":"https:\/\/indimatec.com.br\/esp\/index.php\/wp-json\/wp\/v2\/types\/product"}],"replies":[{"embeddable":true,"href":"https:\/\/indimatec.com.br\/esp\/index.php\/wp-json\/wp\/v2\/comments?post=1495"}],"wp:featuredmedia":[{"embeddable":true,"href":"https:\/\/indimatec.com.br\/esp\/index.php\/wp-json\/wp\/v2\/media\/1496"}],"wp:attachment":[{"href":"https:\/\/indimatec.com.br\/esp\/index.php\/wp-json\/wp\/v2\/media?parent=1495"}],"wp:term":[{"taxonomy":"product_brand","embeddable":true,"href":"https:\/\/indimatec.com.br\/esp\/index.php\/wp-json\/wp\/v2\/product_brand?post=1495"},{"taxonomy":"product_cat","embeddable":true,"href":"https:\/\/indimatec.com.br\/esp\/index.php\/wp-json\/wp\/v2\/product_cat?post=1495"},{"taxonomy":"product_tag","embeddable":true,"href":"https:\/\/indimatec.com.br\/esp\/index.php\/wp-json\/wp\/v2\/product_tag?post=1495"}],"curies":[{"name":"wp","href":"https:\/\/api.w.org\/{rel}","templated":true}]}}